{"id":49,"date":"2017-07-03T17:19:51","date_gmt":"2017-07-03T15:19:51","guid":{"rendered":"http:\/\/wp.tritoncavaillon.fr\/?page_id=49"},"modified":"2023-09-16T00:42:34","modified_gmt":"2023-09-15T22:42:34","slug":"partenaires","status":"publish","type":"page","link":"https:\/\/www.tritoncavaillon.fr\/index.php\/partenaires\/","title":{"rendered":"Ses Partenaires"},"content":{"rendered":"<p style=\"text-align: center;\"><strong>Luberon Monts de Vaucluse<\/strong><\/p>\n<p style=\"text-align: center;\"><a href=\"http:\/\/www.luberonmontsdevaucluse.fr\/\"><img loading=\"lazy\" decoding=\"async\" class=\"alignnone wp-image-58 size-full\" src=\"https:\/\/www.tritoncavaillon.fr\/wp-content\/uploads\/2017\/07\/lmv.jpg\" alt=\"\" width=\"211\" height=\"105\" \/><\/a><\/p>\n<hr \/>\n<p style=\"text-align: center;\"><strong>Ville de Cavaillon<\/strong><\/p>\n<p style=\"text-align: center;\"><a href=\"http:\/\/www.cavaillon.com\/\"><img loading=\"lazy\" decoding=\"async\" class=\"alignnone wp-image-56 size-full\" src=\"https:\/\/www.tritoncavaillon.fr\/wp-content\/uploads\/2017\/07\/cavaillon.com_.jpg\" alt=\"\" width=\"225\" height=\"102\" \/><\/a><\/p>\n<p style=\"text-align: center;\">\n<hr \/>\n<p style=\"text-align: center;\"><strong>F\u00e9d\u00e9ration Fran\u00e7aise de Natation<\/strong><\/p>\n<p style=\"text-align: center;\"><a href=\"http:\/\/www.ffnatation.fr\/\"><img loading=\"lazy\" decoding=\"async\" class=\"alignnone size-full wp-image-57\" src=\"https:\/\/www.tritoncavaillon.fr\/wp-content\/uploads\/2017\/07\/Federation_fran\u00e7aise_de_natation_2012_logo.png\" alt=\"\" width=\"268\" height=\"155\" \/><\/a><\/p>\n","protected":false},"excerpt":{"rendered":"<p>Luberon Monts de Vaucluse Ville de Cavaillon F\u00e9d\u00e9ration Fran\u00e7aise de Natation<\/p>\n","protected":false},"author":1,"featured_media":0,"parent":0,"menu_order":0,"comment_status":"closed","ping_status":"closed","template":"","meta":{"colormag_page_layout":"no_sidebar_full_width","footnotes":""},"class_list":["post-49","page","type-page","status-publish","hentry"],"jetpack_sharing_enabled":true,"_links":{"self":[{"href":"https:\/\/www.tritoncavaillon.fr\/index.php\/wp-json\/wp\/v2\/pages\/49","targetHints":{"allow":["GET"]}}],"collection":[{"href":"https:\/\/www.tritoncavaillon.fr\/index.php\/wp-json\/wp\/v2\/pages"}],"about":[{"href":"https:\/\/www.tritoncavaillon.fr\/index.php\/wp-json\/wp\/v2\/types\/page"}],"author":[{"embeddable":true,"href":"https:\/\/www.tritoncavaillon.fr\/index.php\/wp-json\/wp\/v2\/users\/1"}],"replies":[{"embeddable":true,"href":"https:\/\/www.tritoncavaillon.fr\/index.php\/wp-json\/wp\/v2\/comments?post=49"}],"version-history":[{"count":15,"href":"https:\/\/www.tritoncavaillon.fr\/index.php\/wp-json\/wp\/v2\/pages\/49\/revisions"}],"predecessor-version":[{"id":769,"href":"https:\/\/www.tritoncavaillon.fr\/index.php\/wp-json\/wp\/v2\/pages\/49\/revisions\/769"}],"wp:attachment":[{"href":"https:\/\/www.tritoncavaillon.fr\/index.php\/wp-json\/wp\/v2\/media?parent=49"}],"curies":[{"name":"wp","href":"https:\/\/api.w.org\/{rel}","templated":true}]}}